hest common factor of 266 and 114?
38
Calculate the highest common factor of 116 and 16.
4
What is the highest common divisor of 1561 and 14?
7
What is the greatest common factor of 108 and 270?
54
What is the highest common divisor of 153 and 816?
51
What is the greatest common divisor of 1974 and 42?
42
Calculate the greatest common factor of 5 and 1215.
5
Calculate the greatest common factor of 22 and 110.
22
What is the greatest common factor of 351 and 81?
27
Calculate the greatest common factor of 26 and 650.
26
What is the greatest common factor of 234 and 2834?
26
Calculate the highest common factor of 7 and 7.
7
What is the highest common divisor of 23 and 21551?
23
Calculate the highest common divisor of 18 and 14.
2
What is the greatest common divisor of 966 and 5244?
138
Calculate the greatest common divisor of 63 and 903.
21
What is the highest common divisor of 3029 and 13?
13
Calculate the greatest common factor of 1014 and 1131.
39
Calculate the highest common factor of 3590 and 20.
10
Calculate the greatest common divisor of 2465 and 435.
145
Calculate the greatest common factor of 160 and 300.
20
What is the greatest common divisor of 110 and 7315?
55
Calculate the greatest common factor of 117 and 1872.
117
Calculate the greatest common factor of 476 and 170.
34
Calculate the highest common divisor of 170 and 595.
85
Calculate the greatest common divisor of 52 and 20.
4
What is the greatest common divisor of 97 and 1?
1
Calculate the greatest common divisor of 1479 and 51.
51
Calculate the highest common divisor of 184 and 24.
8
What is the highest common factor of 156 and 6500?
52
What is the greatest common divisor of 126 and 28?
14
Calculate the greatest common divisor of 50 and 570.
10
What is the greatest common divisor of 54 and 35262?
54
What is the greatest common factor of 350 and 14?
14
Calculate the highest common divisor of 156 and 1040.
52
Calculate the highest common factor of 242 and 44.
22
What is the highest common factor of 11802 and 42?
42
Calculate the highest common factor of 13 and 247.
13
Calculate the highest common divisor of 636 and 24.
12
Calculate the highest common divisor of 256 and 4.
4
What is the greatest common divisor of 248 and 184?
8
What is the highest common factor of 6 and 446?
2
What is the greatest common factor of 730 and 146?
146
What is the greatest common factor of 30 and 240?
30
What is the highest common factor of 32 and 112?
16
Calculate the highest common divisor of 266 and 112.
14
Calculate the highest common factor of 66 and 1408.
22
What is the highest common divisor of 8 and 128?
8
Calculate the highest common divisor of 2 and 16.
2
What is the greatest common factor of 6 and 1374?
6
Calculate the highest common divisor of 25 and 18025.
25
What is the highest common divisor of 9 and 1773?
9
What is the greatest common divisor of 518 and 37?
37
Calculate the greatest common divisor of 42 and 399.
21
What is the greatest common divisor of 671 and 122?
61
Calculate the highest common divisor of 29024 and 16.
16
Calculate the highest common factor of 237 and 553.
79
What is the greatest common divisor of 445 and 4539?
89
Calculate the greatest common divisor of 806 and 62.
62
What is the greatest common factor of 408 and 1704?
24
Calculate the greatest common factor of 26 and 1846.
26
Calculate the greatest common divisor of 18005 and 195.
65
Calculate the greatest common divisor of 24 and 16.
8
Calculate the highest common divisor of 45 and 285.
15
Calculate the greatest common factor of 60 and 48.
12
Calculate the highest common factor of 256 and 25472.
128
Calculate the greatest common divisor of 24 and 2.
2
What is the highest common factor of 105 and 90?
15
Calculate the highest common factor of 9 and 9.
9
What is the highest common factor of 14863 and 334?
167
Calculate the highest common factor of 583 and 159.
53
What is the highest common divisor of 87 and 116?
29
Calculate the greatest common divisor of 3 and 264.
3
Calculate the highest common divisor of 55 and 7150.
55
What is the greatest common factor of 1056 and 330?
66
What is the highest common divisor of 14 and 854?
14
What is the highest common divisor of 76 and 95?
19
What is the greatest common factor of 3024 and 8?
8
What is the greatest common factor of 2717 and 143?
143
Calculate the highest common factor of 1404 and 273.
39
Calculate the highest common factor of 135 and 495.
45
Calculate the highest common divisor of 159 and 10176.
159
Calculate the highest common divisor of 2790 and 80.
10
Calculate the greatest common factor of 4683 and 189.
21
What is the greatest common divisor of 1128 and 72?
24
Calculate the highest common factor of 38 and 114.
38
Calculate the highest common divisor of 104 and 7384.
104
What is the highest common factor of 56 and 4648?
56
Calculate the greatest common divisor of 608 and 228.
76
Calculate the highest common divisor of 172 and 6966.
86
Calculate the greatest common factor of 5 and 1285.
5
Calculate the greatest common divisor of 2436 and 29.
29
Calculate the greatest common factor of 419 and 1.
1
What is the highest common divisor of 30382 and 22?
22
Calculate the greatest common factor of 4 and 100.
4
Calculate the greatest common factor of 20273 and 836.
209
What is the greatest common divisor of 255 and 663?
51
What is the highest common divisor of 99 and 165?
33
Calculate the greatest common factor of 4336 and 416.
16
What is the highest common divisor of 10593 and 9?
9
Calculate the greatest common divisor of 15 and 31215.
15
What is the highest common divisor of 4942 and 70?
14
What is the greatest common divisor of 14 and 61?
1
What is the greatest common divisor of 4059 and 55?
11
What is the highest common divisor of 76 and 204?
4
What is the highest common divisor of 4870 and 170?
10
What is the greatest common factor of 3 and 741?
3
What is the highest common factor of 304 and 114?
38
Calculate the highest common factor of 273 and 195.
39
Calculate the highest common factor of 1175 and 94.
47
Calculate the highest common factor of 175 and 315.
35
Calculate the greatest common factor of 30 and 150.
30
Calculate the highest common divisor of 9 and 1521.
9
What is the highest common divisor of 81 and 6?
3
Calculate the greatest common divisor of 6 and 1839.
3
Calculate the highest common factor of 300 and 195.
15
What is the highest common factor of 144 and 36?
36
Calculate the greatest common factor of 50 and 1600.
50
What is the greatest common divisor of 39805 and 95?
95
What is the greatest common divisor of 124 and 93?
31
Calculate the highest common divisor of 39 and 18.
3
Calculate the highest common factor of 40 and 312.
8
Calculate the highest common divisor of 1274 and 686.
98
Calculate the greatest common divisor of 17 and 1139.
17
What is the greatest common divisor of 106 and 1272?
106
Calculate the greatest common divisor of 572 and 22.
22
Calculate the greatest common divisor of 99 and 1881.
99
What is the greatest common divisor of 35 and 95?
5
Calculate the greatest common divisor of 120 and 440.
40
Calculate the greatest common divisor of 7 and 462.
7
What is the greatest common factor of 100 and 4850?
50
What is the highest common divisor of 363 and 132?
33
Calculate the highest common factor of 4564 and 28.
28
Calculate the greatest common factor of 38 and 133.
19
What is the greatest common divisor of 7345 and 339?
113
Calculate the greatest common divisor of 897 and 9269.
299
Calculate the highest common divisor of 10 and 590.
10
Calculate the highest common divisor of 36 and 15138.
18
What is the highest common divisor of 66 and 858?
66
What is the greatest common factor of 264 and 24?
24
What is the highest common divisor of 522 and 23838?
174
Calculate the highest common factor of 8 and 1000.
8
What is the greatest common divisor of 2106 and 26?
26
What is the greatest common factor of 1945 and 5?
5
What is the greatest common factor of 3496 and 322?
46
What is the highest common factor of 3577 and 98?
49
What is the highest common divisor of 2766 and 36?
6
Calculate the highest common factor of 164 and 1394.
82
What is the highest common factor of 62 and 31?
31
Calculate the greatest common factor of 14 and 2198.
14
Calculate